 when 4173 is divided by 107?
0
Calculate the remainder when 117 is divided by 15.
12
Calculate the remainder when 2750 is divided by 81.
77
Calculate the remainder when 1454 is divided by 14.
12
Calculate the remainder when 743 is divided by 13.
2
What is the remainder when 100 is divided by 33?
1
What is the remainder when 66 is divided by 20?
6
What is the remainder when 408 is divided by 254?
154
Calculate the remainder when 297 is divided by 190.
107
Calculate the remainder when 501 is divided by 135.
96
Calculate the remainder when 52 is divided by 22.
8
Calculate the remainder when 9 is divided by 3.
0
Calculate the remainder when 755 is divided by 7.
6
Calculate the remainder when 135 is divided by 23.
20
Calculate the remainder when 803 is divided by 270.
263
What is the remainder when 6488 is divided by 309?
308
Calculate the remainder when 162 is divided by 62.
38
What is the remainder when 591 is divided by 533?
58
Calculate the remainder when 127 is divided by 44.
39
What is the remainder when 60 is divided by 28?
4
Calculate the remainder when 487 is divided by 10.
7
What is the remainder when 123 is divided by 35?
18
Calculate the remainder when 242 is divided by 123.
119
What is the remainder when 11722 is divided by 17?
9
Calculate the remainder when 5088 is divided by 10.
8
What is the remainder when 102 is divided by 30?
12
What is the remainder when 8043 is divided by 16?
11
What is the remainder when 352 is divided by 12?
4
What is the remainder when 1043 is divided by 19?
17
Calculate the remainder when 4086 is divided by 29.
26
Calculate the remainder when 173 is divided by 24.
5
What is the remainder when 27 is divided by 15?
12
Calculate the remainder when 1419 is divided by 64.
11
Calculate the remainder when 34 is divided by 8.
2
Calculate the remainder when 260 is divided by 72.
44
Calculate the remainder when 88 is divided by 8.
0
What is the remainder when 134 is divided by 43?
5
What is the remainder when 785 is divided by 163?
133
What is the remainder when 1709 is divided by 38?
37
Calculate the remainder when 79 is divided by 20.
19
What is the remainder when 350 is divided by 59?
55
Calculate the remainder when 2857 is divided by 53.
48
What is the remainder when 332 is divided by 86?
74
Calculate the remainder when 73 is divided by 3.
1
Calculate the remainder when 58 is divided by 17.
7
What is the remainder when 555 is divided by 44?
27
What is the remainder when 1014 is divided by 103?
87
Calculate the remainder when 478 is divided by 80.
78
What is the remainder when 1025 is divided by 28?
17
Calculate the remainder when 120 is divided by 50.
20
What is the remainder when 150 is divided by 27?
15
What is the remainder when 5655 is divided by 46?
43
Calculate the remainder when 561 is divided by 206.
149
What is the remainder when 1593 is divided by 140?
53
What is the remainder when 25199 is divided by 29?
27
Calculate the remainder when 73 is divided by 20.
13
What is the remainder when 9399 is divided by 36?
3
What is the remainder when 712 is divided by 63?
19
Calculate the remainder when 180 is divided by 77.
26
Calculate the remainder when 259 is divided by 58.
27
What is the remainder when 696 is divided by 134?
26
Calculate the remainder when 7504 is divided by 19.
18
What is the remainder when 222 is divided by 94?
34
What is the remainder when 77 is divided by 40?
37
Calculate the remainder when 404 is divided by 105.
89
Calculate the remainder when 50 is divided by 18.
14
Calculate the remainder when 58 is divided by 37.
21
What is the remainder when 191 is divided by 39?
35
What is the remainder when 3858 is divided by 121?
107
What is the remainder when 240 is divided by 108?
24
Calculate the remainder when 390 is divided by 120.
30
What is the remainder when 216 is divided by 22?
18
What is the remainder when 107 is divided by 39?
29
Calculate the remainder when 208 is divided by 21.
19
What is the remainder when 63 is divided by 35?
28
What is the remainder when 300 is divided by 62?
52
What is the remainder when 4177 is divided by 55?
52
Calculate the remainder when 217 is divided by 21.
7
What is the remainder when 332 is divided by 17?
9
Calculate the remainder when 22567 is divided by 5.
2
What is the remainder when 1782 is divided by 53?
33
What is the remainder when 9255 is divided by 21?
15
Calculate the remainder when 349 is divided by 32.
29
What is the remainder when 44 is divided by 12?
8
Calculate the remainder when 453 is divided by 65.
63
What is the remainder when 134 is divided by 44?
2
What is the remainder when 749 is divided by 189?
182
What is the remainder when 462 is divided by 460?
2
Calculate the remainder when 115 is divided by 42.
31
Calculate the remainder when 12 is divided by 4.
0
Calculate the remainder when 2072 is divided by 2.
0
Calculate the remainder when 68 is divided by 32.
4
What is the remainder when 828 is divided by 56?
44
Calculate the remainder when 791 is divided by 297.
197
Calculate the remainder when 4471 is divided by 52.
51
Calculate the remainder when 1770 is divided by 71.
66
Calculate the remainder when 1159 is divided by 226.
29
What is the remainder when 397 is divided by 142?
113
Calculate the remainder when 541 is divided by 16.
13
What is the remainder when 1487 is divided by 1481?
6
Calculate the remainder when 1822 is divided by 76.
74
Calculate the remainder when 366 is divided by 96.
78
Calculate the remainder when 27 is divided by 15.
12
Calculate the remainder when 31239 is divided by 88.
87
Calculate the remainder when 72 is divided by 2.
0
What is the remainder when 86 is divided by 2?
0
What is the remainder when 101 is divided by 64?
37
Calculate the remainder when 255 is divided by 24.
15
What is the remainder when 861 is divided by 110?
91
What is the remainder when 3074 is divided by 11?
5
Calculate the remainder when 13530 is divided by 13.
10
What is the remainder when 468 is divided by 439?
29
What is the remainder when 2468 is divided by 819?
11
What is the remainder when 419 is divided by 84?
83
What is the remainder when 171 is divided by 73?
25
Calculate the remainder when 161 is divided by 63.
35
Calculate the remainder when 255 is divided by 43.
40
What is the remainder when 96 is divided by 83?
13
What is the remainder when 283 is divided by 244?
39
What is the remainder when 6779 is divided by 17?
13
Calculate the remainder when 430 is divided by 109.
103
Calculate the remainder when 377 is divided by 5.
2
What is the remainder when 173 is divided by 46?
35
What is the remainder when 663 is divided by 22?
3
Calculate the remainder when 7091 is divided by 50.
41
What is the remainder when 99 is divided by 15?
9
What is the remainder when 95 is divided by 4?
3
Calculate the remainder when 114 is divided by 61.
53
What is the remainder when 161 is divided by 137?
24
Calculate the remainder when 21677 is divided by 16.
13
Calculate the remainder when 268 is divided by 16.
12
Calculate the remainder when 9935 is divided by 138.
137
What is the remainder when 937 is divided by 67?
66
What is the remainder when 2047 is divided by 158?
151
What is the remainder when 958 is divided by 30?
28
Calculate the remainder when 19 is divided by 17.
2
Calculate the remainder when 691 is divided by 199.
94
Calculate the remainder when 391 is divided by 56.
55
Calculate the remainder when 223 is divided by 32.
31
What is the remainder when 363 is divided by 128?
107
Calculate the remainder when 21 is divided by 1.
0
What is the remainder when 128 is divided by 98?
30
What is the remainder when 149 is divided by 19?
16
Calculate the remainder when 1661 is divided by 185.
181
Calculate the remainder when 287 is divided by 156.
131
Calculate the remainder when 1799 is divided by 53.
50
What is the remainder when 2771 is divided by 12?
11
What is the remainder when 597 is divided by 287?
23
Calculate the remainder when 1348 is divided by 660.
28
Calculate the remainder when 6206 is divided by 7.
4
What is the remainder when 1312 is divided by 439?
434
Calculate the remainder when 1205 is divided by 13.
9
What is the remainder when 1371 is divided by 16?
11
What is the remainder when 164 is divided by 30?
14
What is the remainder 